n divisor of 187065 and 2595?
15
Calculate the highest common factor of 6834685 and 858.
143
What is the greatest common factor of 13714149 and 70344?
2931
What is the highest common divisor of 2058863208 and 12?
12
What is the highest common divisor of 12370 and 6966784?
2474
Calculate the greatest common factor of 5088 and 3066792.
1272
Calculate the highest common factor of 3686 and 1814094.
194
What is the highest common factor of 21440 and 2769920?
320
Calculate the highest common factor of 26975022 and 2907.
969
Calculate the highest common divisor of 875980 and 35560.
140
Calculate the greatest common divisor of 5486507 and 143.
13
What is the highest common factor of 30099 and 1467993?
381
What is the greatest common divisor of 47 and 2909728264?
47
Calculate the greatest common divisor of 1261981 and 121625.
973
Calculate the highest common factor of 644 and 11530498.
322
What is the greatest common divisor of 1795092 and 2769?
39
Calculate the greatest common divisor of 34277504 and 88796.
1124
Calculate the highest common divisor of 164599024 and 176.
16
Calculate the greatest common divisor of 7062 and 717666.
6
What is the highest common factor of 1362305 and 1665?
5
What is the greatest common divisor of 54 and 35557002?
54
Calculate the greatest common divisor of 1420 and 61192770.
710
What is the greatest common factor of 224249 and 1014141?
3347
What is the greatest common factor of 5800 and 1328925?
725
Calculate the greatest common factor of 416 and 158880.
32
What is the greatest common divisor of 4860 and 4638780?
180
What is the highest common divisor of 272512 and 7132150?
4258
Calculate the highest common factor of 85316 and 1197471.
3047
What is the greatest common divisor of 21142 and 363506?
682
Calculate the highest common divisor of 4238140 and 1220180.
7220
What is the greatest common factor of 427532 and 21406?
14
Calculate the greatest common divisor of 85692558 and 31909.
1877
What is the greatest common divisor of 7712197 and 14562?
809
Calculate the highest common factor of 212850 and 46915.
55
Calculate the greatest common divisor of 5406 and 7774338.
102
What is the highest common divisor of 13640 and 179212?
44
Calculate the greatest common divisor of 21473074 and 238.
238
What is the highest common factor of 88 and 1684724?
4
Calculate the greatest common divisor of 27033237 and 14.
7
What is the greatest common factor of 10805788 and 1313?
101
Calculate the greatest common divisor of 944 and 7881692.
236
What is the highest common factor of 1698 and 57496827?
849
Calculate the greatest common divisor of 783126666 and 378.
126
What is the highest common divisor of 4657919 and 7189?
553
What is the greatest common divisor of 218918421 and 9?
9
Calculate the highest common divisor of 631290 and 220770.
330
Calculate the highest common divisor of 1200 and 18949040.
80
Calculate the greatest common divisor of 14278995 and 180.
45
Calculate the highest common factor of 379 and 269924937.
379
Calculate the greatest common factor of 400238 and 107914.
1366
Calculate the greatest common factor of 3128829 and 264.
33
Calculate the greatest common factor of 12 and 341654244.
12
What is the greatest common divisor of 124186516 and 4?
4
What is the greatest common factor of 812178972 and 324?
36
Calculate the highest common divisor of 1043459 and 485943.
3767
Calculate the highest common divisor of 1128 and 119725638.
282
Calculate the highest common divisor of 160462628 and 92.
92
Calculate the highest common factor of 32652 and 12753.
9
Calculate the greatest common factor of 28799 and 4253891.
929
Calculate the highest common factor of 15 and 81218055.
15
Calculate the highest common factor of 18154291 and 10925.
437
Calculate the greatest common factor of 27654 and 8734.
22
Calculate the greatest common divisor of 112 and 5340248.
8
Calculate the greatest common divisor of 1208 and 18238988.
604
Calculate the highest common divisor of 884104 and 247.
13
What is the highest common factor of 2420 and 419605?
5
What is the greatest common factor of 76557914 and 478?
478
Calculate the highest common divisor of 114863431 and 4946.
2473
Calculate the highest common factor of 1104192 and 13643928.
5112
Calculate the greatest common divisor of 7868 and 172256.
28
What is the greatest common factor of 306 and 2122892?
34
Calculate the highest common factor of 210 and 17827950.
210
What is the greatest common factor of 97519500 and 8?
4
Calculate the highest common factor of 9212366 and 268.
134
Calculate the greatest common factor of 103869 and 141291.
27
What is the greatest common factor of 25980 and 872540?
20
What is the greatest common factor of 280 and 4726484?
28
What is the greatest common divisor of 626486 and 375074?
1022
What is the greatest common factor of 9776032 and 1330?
266
Calculate the highest common divisor of 155 and 30779559.
31
What is the greatest common divisor of 304163532 and 1236?
1236
What is the highest common divisor of 11366030 and 399230?
4810
Calculate the greatest common factor of 10405908 and 4374.
162
What is the highest common factor of 4223600 and 450?
50
What is the highest common divisor of 35594058 and 27174?
3882
Calculate the greatest common factor of 1846 and 2679040.
26
Calculate the highest common factor of 3429852 and 18496.
1156
Calculate the highest common factor of 6222 and 225639.
183
Calculate the highest common divisor of 1544282 and 114.
38
Calculate the highest common divisor of 80714070 and 5558.
794
Calculate the greatest common divisor of 20 and 410525630.
10
Calculate the greatest common factor of 825 and 12759225.
75
Calculate the greatest common divisor of 125102 and 2598950.
1762
Calculate the highest common divisor of 900 and 5819100.
300
Calculate the greatest common factor of 2916 and 219060.
36
What is the highest common divisor of 93 and 37958043?
93
Calculate the greatest common divisor of 8618 and 1274908.
278
What is the highest common factor of 195994680 and 210?
210
What is the greatest common divisor of 55168 and 1027504?
6896
Calculate the highest common factor of 135 and 742865715.
135
What is the highest common divisor of 126362 and 226?
2
Calculate the highest common factor of 94815 and 104748.
903
Calculate the highest common divisor of 50902 and 1630506.
1642
Calculate the greatest common factor of 28986725 and 259.
37
What is the highest common factor of 126368 and 10352?
16
What is the highest common divisor of 176 and 3189637?
11
Calculate the highest common factor of 1602180 and 4370.
230
Calculate the highest common factor of 1712 and 152581786.
214
Calculate the highest common divisor of 6596058 and 210.
42
What is the highest common factor of 11 and 330754919?
11
What is the greatest common divisor of 19367 and 9450010?
181
What is the greatest common divisor of 126 and 6634143?
9
What is the highest common divisor of 3654 and 15600753?
1827
Calculate the highest common factor of 12379838 and 127653.
2503
What is the greatest common divisor of 50375 and 5694000?
1625
What is the greatest common divisor of 155888 and 368?
16
What is the greatest common divisor of 14362269 and 39303?
1191
What is the greatest common factor of 937694 and 29149466?
6746
What is the highest common factor of 342677 and 44321?
1081
What is the highest common divisor of 9550 and 95050?
50
Calculate the highest common factor of 20809650 and 12.
6
What is the highest common factor of 82125970 and 580?
290
Calculate the highest common divisor of 2638698 and 39882.
138
Calculate the highest common factor of 333064 and 23188.
2108
Calculate the highest common factor of 2121970 and 2150.
10
What is the highest common divisor of 37236 and 3016?
116
Calculate the highest common divisor of 20995 and 71953570.
1235
What is the highest common divisor of 6120285 and 2460?
15
Calculate the greatest common divisor of 2189349 and 24648300.
14499
Calculate the highest common divisor of 558211156 and 316.
316
Calculate the greatest common divisor of 24 and 2840658.
6
What is the greatest common factor of 30 and 320073330?
30
What is the greatest common divisor of 46840004 and 716?
716
Calculate the highest common divisor of 291 and 320241.
3
What is the highest common fact